mon divisor of 264 and b.
24
Suppose 52*f = 45*f + 70. Calculate the highest common divisor of f and 30.
10
Let o(z) = 185*z - 1. Let a be o(1). Let p = a + -94. Suppose -13*g + 10*g = -p. What is the greatest common factor of 12 and g?
6
Let h = 179 - 89. Let z(k) = -k**3 + 6*k**2 - 7*k + 6. Let q be 3/5 - 17/(-5). Let v be z(q). Calculate the greatest common divisor of h and v.
10
Let h(l) = -6*l**2 - 50*l + 7. Let q be h(-4). What is the greatest common divisor of q and 3?
3
Let i = -203 - -588. Let t(g) = 5*g**2 - 2*g + 4. Let l be t(-3). Calculate the highest common divisor of i and l.
55
Let z = -1073 - -680. Let i be z/(-5) + (-6)/10. Let v be (24 + 1 - -1)*2. What is the highest common divisor of i and v?
26
Let s(l) = 8*l**2 - 4*l - 4. Let h be s(-2). Suppose -h = -4*i - 12. Let p = i - -2. Calculate the highest common divisor of p and 88.
8
Let h be (-3)/9*0/(4 + 0). Suppose h = -3*m + 5*o + 188, -5*m + 320 = -3*o - 2*o. Calculate the greatest common divisor of m and 44.
22
Let n = -11 - -13. Suppose -o - 5*x + 29 = 0, -n*x + 39 = 3*o + x. What is the highest common divisor of o and 3?
3
Suppose -11*q = -19*q + 96. What is the greatest common factor of q and 60?
12
Suppose 3*v = 18, 86 = 24*n - 22*n + 7*v. Let l = 43 - 10. What is the highest common factor of l and n?
11
Let r(v) = 2*v + 2. Let y(p) = -p - 3. Let i(f) = -4*r(f) - 3*y(f). Let z be i(-7). What is the highest common factor of 90 and z?
18
Let j be 1*2 + 15/3. Let o be 254/j - (24/28)/3. What is the greatest common divisor of o and 12?
12
Suppose 16*k = 18*k - 174. Calculate the greatest common divisor of k and 116.
29
Let j be 1/(2 - (-6)/(8550/(-2845))). Calculate the highest common factor of j and 15.
15
Suppose -33*y + 392 = -29*y - 2*l, -4*l + 80 = y. What is the greatest common divisor of y and 396?
12
Let j be -3 + (-69 - (1 - -2)). Let y be 20/(-6)*90/j. Suppose 147 = 2*z - 3*s, s + y*s = 3*z - 221. Calculate the greatest common divisor of 9 and z.
9
Let y(l) = -l**3 + 0 - 2 + 6*l**2 + 16*l - 21*l. Let j be y(4). Suppose 8*i + 16 = j*i. Calculate the highest common factor of 32 and i.
8
Let p be 2 + (27/12)/(9/48). Let t be p/2*1 + -3. Calculate the highest common divisor of 16 and t.
4
Suppose 4*f + 346 = -318. Let w = -82 - f. Calculate the greatest common factor of 210 and w.
42
Suppose 0*n = -3*n + 18. Suppose -5 = 5*p - 5*k, 8*p - 3*p - 15 = k. What is the greatest common divisor of p and n?
2
Suppose -156 = 4*h - 1416. Calculate the greatest common factor of h and 90.
45
Let h(c) = 42*c + 448. Let j be h(-9). What is the greatest common factor of 42 and j?
14
Let p be (32/10)/(-3 + 182/60). Suppose 0 = -2*s + 8*s - p. Let y be 66/9 - 4/(-6). Calculate the greatest common factor of s and y.
8
Let s(c) = 8*c**2 + 4*c - 2. Let z be s(1). Suppose 0 = -3*t - 5 + 50. Calculate the highest common divisor of z and t.
5
Suppose 0 = x - 5*x + 104. Let m(g) = 2*g - 4*g + 9*g + 5*g + 3. Let a be m(3). What is the highest common divisor of a and x?
13
Let d(w) = -7*w + 657. Let l be d(47). Calculate the highest common divisor of 205 and l.
41
Suppose -21 = 5*c + 4*x - 81, 36 = 3*c - 3*x. Suppose -5*l = c - 192. What is the highest common divisor of 18 and l?
18
Let r be (135/12)/3*(-40)/(-25). What is the highest common divisor of r and 141?
3
Let t(i) = i**2 + 6*i - 14. Let h be t(-7). Let z be 6/h*7*(-2 - -1). Calculate the highest common factor of 21 and z.
3
Suppose -2*d - 5*x + 17 = 0, d + 6*x - 3*x - 7 = 0. Suppose -d*a = -13*a - 96. What is the highest common factor of 96 and a?
32
Let y = -2353 - -2514. Calculate the greatest common divisor of y and 7.
7
Suppose -3*q + 18 = -3*l - 27, 3*q = 4*l + 50. Suppose -q = -7*y + 74. What is the greatest common divisor of 18 and y?
6
Let x(s) = 15*s**2 + 5*s - 2. Let g be x(-5). Let j be ((-16)/(-32))/(1/g*2). Calculate the highest common divisor of 58 and j.
29
Let d = -15 - -15. Suppose 2*l - 5*f - 33 = 17, d = 3*l + 3*f - 33. Calculate the highest common divisor of 105 and l.
15
Let l = 77 + -53. Calculate the greatest common factor of l and 72.
24
Suppose 16*k = 19*k - 1605. Suppose z + z + 1598 = -3*h, h + 3*z + k = 0. Let d be 2/5 - h/20. What is the greatest common factor of 3 and d?
3
Let o = -1881 - -1911. Calculate the greatest common factor of 42 and o.
6
Let a = -257 - -285. Suppose -2*v = y + 39 - 121, -5*y + 2*v = -422. Suppose -4*r + y + 84 = 0. What is the greatest common divisor of r and a?
14
Let l = -510 - -518. Calculate the greatest common factor of l and 14.
2
Suppose -5*u = u + 24. Let g(f) = 5*f**2 + 20. Let a be g(u). What is the greatest common factor of 20 and a?
20
Suppose 3*u - 3 = -a + 26, 0 = u + 2*a - 18. Calculate the highest common divisor of u and 184.
8
Suppose f + 5*y - 10 = 0, 0 = 4*f - 146*y + 142*y - 40. Let a(m) = -4*m + 2. Let j be a(-2). What is the highest common divisor of f and j?
10
Suppose -y - 32 = -2*w, -3*y = 5*w - 37 - 21. Let u be 1235/133 + (-4)/w. Calculate the greatest common factor of u and 9.
9
Let s = 1099 - 1092. What is the greatest common divisor of s and 7?
7
Suppose 0 = -2*c + 101 + 163. What is the greatest common divisor of c and 240?
12
Suppose -4*q + 3*i = i - 332, -4*i - 409 = -5*q. Suppose 4*c - j = 4*j + q, 4*j = -c + 37. Calculate the greatest common divisor of 100 and c.
25
Suppose -56 = -8*g + g. Let w be (-111 + 9)*(2 - g/3). What is the greatest common divisor of 34 and w?
34
Suppose -34*q + 4650 + 3000 = 0. Calculate the greatest common divisor of 90 and q.
45
Suppose 3*j + 4*q - 28 = 0, -5*q = 2*j - 2*q - 20. Suppose 5*k + 0*k + 3*x - 50 = 0, 4*k - j*x - 8 = 0. Calculate the greatest common divisor of 21 and k.
7
Let k be (-2)/1 + (-1 - -75). Calculate the highest common factor of 54 and k.
18
Let k(o) = -o + 5. Let n be k(4). Suppose 3 = -5*t + 28. Suppose t*h + 2*i + 1 = -4, 0 = 5*i + 25. What is the greatest common divisor of h and n?
1
Let g = -156 + 178. What is the highest common factor of 99 and g?
11
Let y = -6 - -14. Suppose 4 = 2*j, -2*t - 3*j = 2*j - 30. Let r(z) = -z**3 + 10*z**2 + 8. Let n be r(t). What is the greatest common divisor of n and y?
8
Suppose 430 = 3*q + 3*m - 2*m, 278 = 2*q + 5*m. Suppose -3*a + 28 = b, 87*a + 20 = b + 88*a. Calculate the greatest common divisor of q and b.
16
Suppose 2 + 3 = q. Suppose q*t = 16 + 99. Let y be -2*(-47 - 1/(-1)). Calculate the greatest common divisor of y and t.
23
Suppose 5*y - 28 - 17 = 3*n, 0 = 5*y - 2*n - 40. Suppose -r - 45 = -y*r. Let g be 87 + (2 - 5) - 3. What is the highest common divisor of r and g?
9
Let z(s) = 22*s**3 + 5*s**2 + 5*s + 7. Let r be z(-2). Let k = r - -198. Let w = -3 - -16. What is the highest common factor of k and w?
13
Suppose 666 = 4*t - 2*g, -5*g = -160*t + 165*t - 795. What is the greatest common divisor of t and 205?
41
Let l be 308/24 + (-28)/(-168). Calculate the greatest common factor of 2 and l.
1
Suppose 177 - 144 = y. Calculate the greatest common factor of 561 and y.
33
Let o be (2/(-6))/(4/(-24)). Suppose -2*g = 2*j - j - 35, o*j - 85 = -g. Suppose -2*h + 15 = h. What is the highest common divisor of h and j?
5
Let d = 100 - -266. What is the greatest common divisor of d and 6?
6
Let v(k) = k**2 + 6*k - 5. Let i be v(-8). Let p = 13 - i. Suppose 4*c - 21 = -5*l, 0 = -4*c + 8 + 8. What is the highest common factor of p and l?
1
Let g = -7 + 7. Let c be (0 - g)/(-16 + 14). Let a(q) = q**3 + q**2 + q + 13. Let v be a(c). Calculate the greatest common divisor of 143 and v.
13
Suppose 5*z - c - 32 = -171, -4*z - 4*c - 116 = 0. Let o be z/(-6)*(-1 - -19). Let q be 67/3 + 64/(-48). Calculate the greatest common factor of q and o.
21
Suppose 5*x - 4*a = 23, 2*x + 4 = -2*a + 6. Suppose -41*h + 46*h = 45. What is the greatest common factor of x and h?
3
Suppose 1277 = 69*r + 242. Suppose 0*q = -2*q + 240. What is the greatest common factor of r and q?
15
Let q be (-366)/(-9) - ((-30)/(-18) - 1). Suppose 2*s = s, 3*y - 960 = 5*s. Calculate the highest common divisor of y and q.
40
Suppose 0 = 7*i - 10*i - 27. Let b = 12 + i. Suppose -2*q = -b*f - 4*q + 7, -2*q - 2 = 0. What is the greatest common factor of f and 27?
3
Let v(u) = -23*u**2 + 230*u + 5. Let f be v(10). Suppose y - 30 = -2*y - 2*o, 3*o - 10 = -y. What is the highest common factor of f and